5. Let r(a) = -a - 3 - 4*a**2 - 3 - 3*a + a. Let h(q) = -4*r(q) + 5*z(q). Calculate h(9).
8
Let n(l) = 8 - 5*l + 8*l**2 + 2*l**3 + l - l**3 - 2*l**3 - 8*l. What is n(6)?
8
Let v be 2/(-8) + (-23)/4. Let n(w) be the second derivative of -w**3/6 + 260*w - 1. Calculate n(v).
6
Let n(f) = f**2 + 1. Let l(z) be the third derivative of 3*z**2 - 5/6*z**3 + 0*z + 0. Let x(j) = l(j) + 4*n(j). Give x(2).
15
Let q(x) = -x**2 - x - 5. Suppose 3*c + 3*b - 5*b - 19 = 0, 5*b + 10 = 0. Suppose 3*i - 5 = -h, c*h = -4*i + i - 11. Determine q(h).
-17
Let r = 15 - 19. Let a(p) = 3 - p - 5*p - 8*p + 15*p. Calculate a(r).
-1
Let b be (6/(-6))/((-2)/10). Let q = 0 - b. Let x(l) = l + 7. What is x(q)?
2
Let w be (-176)/(-11) - (4 + 0). Suppose -15*x + 11*x + w = 0. Let a(n) = -2*n**2 + 0*n**x + 7*n**2 + n**3 - 6*n + 3. What is a(-6)?
3
Let z(f) = -2*f**2 - 20*f - 33 + 3*f**2 + 39*f - 34*f. What is z(17)?
1
Let a(q) = 6*q**3 + q. Let k(v) be the second derivative of -v**5/20 + v**4/12 - v**2/2 - 8*v. Let l(i) = -a(i) - 5*k(i). What is l(-5)?
10
Suppose 15 = -5*w + 140*m - 142*m, 0 = 3*w + 4*m + 9. Let v(b) = 4*b**2 + 5*b + 1. What is v(w)?
22
Let z(v) = v**3 + 16*v**2 - 1. Let h be z(-16). Let n(j) be the first derivative of 21*j**2 - 7*j**2 + 6 - 5*j**2 - 8*j**2. What is n(h)?
-2
Let x(g) = 2*g**2 - 2*g - 4. Let d be (-3)/(6*6/(-12)) + 2. Give x(d).
8
Let t be (-51)/12 - (3 + (-65)/20). Let d(h) be the first derivative of -h**3/3 + h**2 + 6*h + 5. Let y(n) be the first derivative of d(n). Calculate y(t).
10
Let z be (2 + 16/(-6))*-3. Suppose 1 = 3*u - l - 4, 10 = -u - z*l. Let t(a) = 4*a**3 - 2 + u*a**3 + 2*a**3 - 7*a**3 - a. Calculate t(-2).
8
Let q(b) = -b**2. Let c(d) = 2*d**2 - d + 1. Let t(x) = -c(x) - 3*q(x). Let n be t(2). Let w(r) = r + 1. Calculate w(n).
6
Let m be 1 + -1 + -2 + 3. Let b(t) = -18*t + 68. Let p(q) = 9*q - 37. Let v(r) = -6*b(r) - 11*p(r). What is v(m)?
8
Let q(p) = 9*p - 1. Let x be 2 + 2 + -1 + -6. Let i be (-42)/(-4) + x/(-2). Suppose -5*z = -2*w - i, 4*w + 10 = 2*z + z. Determine q(w).
-10
Let b(c) be the third derivative of -c**4/4 + 5*c**3/3 + 361*c**2. Give b(-9).
64
Suppose 33 = 9*p - 3. Let w(q) = -4*q + 6. What is w(p)?
-10
Let d(v) = v. Suppose -h = 3*o - 11, 5*o - 2*h - 13 = 4*o. Let s(u) = u**3 - 5*u**2 + u - 10. Let t be s(o). Calculate d(t).
-5
Let b(v) = v. Let t(n) = n**3 - 6*n**2 + 3*n - 6. Suppose -6*d + 6 = 12. Let z(f) = d*b(f) + t(f). Calculate z(6).
6
Let x(h) = -5*h**2 - 18*h**2 - 1 + 22*h**2 + 3*h. What is x(3)?
-1
Let s(d) be the first derivative of -8 + 5*d**2 + 0*d**2 - 4*d**2 + d. What is s(-1)?
-1
Let y = 2574 + -2590. Let s(t) = 5*t + 74. Calculate s(y).
-6
Suppose -w - 3*w = 28. Let i(g) = 4*g - 25. Let j(n) = -n + 8. Let p be -7*4*(-2 + 58/28). Let k(c) = p*i(c) - 7*j(c). Calculate k(w).
1
Let m(d) = -d**2 + d + 1. Let w be 0 + -5 - (-48)/12. Calculate m(w).
-1
Let g(f) = -f**2 - 6*f + 1. Let c = 615 + -620. What is g(c)?
6
Let w(i) = 3 - 10 + 5*i + 4 + i**2. Determine w(-6).
3
Let k(t) be the second derivative of -t**4/6 + 2*t**3/3 + 3*t**2/2 - 40*t - 5. Determine k(5).
-27
Suppose u = -0*a - 3*a + 11, 3*u = 5*a + 5. Let l(z) be the third derivative of -z**4/8 + z**3/6 + 81*z**2. Determine l(a).
-5
Let l(r) = -r**3 + 4*r**2 + 4*r + 4. Let u be (2/5 + 2)*(-90)/(-54). Calculate l(u).
20
Let o(m) = -3*m - 3. Let x be o(-14). Let k(r) = 76*r - x*r + 2 - 38*r + 1. What is k(8)?
-5
Suppose 0*q - 38 = -19*q. Let c(a) be the first derivative of -1/4*a**4 - 7/3*a**3 + 11 - 10*a - 3/2*a**q. Determine c(-7).
11
Suppose 2*r - 3*o = 2*o - 15, 5 = o. Suppose -r*m + 4*b + 78 = -3, 3*b = -5*m + 53. Suppose 4*w + m = -11. Let c(z) = -z**3 - 7*z**2 - 6*z + 5. What is c(w)?
5
Suppose 0*a = -p - 5*a + 5, a = p + 1. Let y(f) = f**2 - f - 3. What is y(p)?
-3
Suppose 2*h = 5*u - 23, 0 = 5*h + 8*u - 6*u - 15. Let s(w) = 17*w**3 - 1. What is s(h)?
16
Let p(a) = 95*a - 482. Let u be p(5). Let g(k) = 10*k - 6*k**2 - 3*k**3 - k + 1 + 2*k**3. Give g(u).
-13
Let m(x) = x. Let o(c) = -3*c - 7. Let h(k) = 5*m(k) + o(k). Suppose -a = -7*a + 18. Let b(z) = 4*z - 7. Let s be b(a). What is h(s)?
3
Let f(o) = o**3 - 8*o**2 + 6*o + 10. Let p = 167 + -160. Give f(p).
3
Let n = 41 - 61. Let w be (3/(-5))/(4/n). Suppose 0 = 2*t - 3*t - w. Let a(k) = -k**3 - 5*k**2 - 3*k + 2. What is a(t)?
-7
Let y(h) be the second derivative of 1/2*h**2 + 1/3*h**3 + 0 - 1/3*h**4 + 7*h. Suppose -4*m = -4, -3*v - m - 1 = -v. Determine y(v).
-5
Let q(j) = j**3 - 2*j**2 + 3*j - 2. Let b(u) = -2*u**3 + 3*u**2 - 7*u + 4. Let w(g) = 3*b(g) + 7*q(g). Let k be (2/3)/(6/63). Suppose 3*r - 8 = k. What is w(r)?
-2
Suppose -4*d + 4*b + 20 = 0, 9*b + 20 = d + 13*b. Let p(j) = -2 + 2*j - 4*j + 3*j. Determine p(d).
6
Let t(w) = -13*w - 3. Let m(q) = -q**3 + 2*q**2 + 7*q + 39. Let i be m(5). Determine t(i).
10
Let w(y) = -2*y**3 + 3*y. Let c(n) = 11*n - 300. Let u be c(27). What is w(u)?
45
Let t(w) = w**3 - 6*w**2 + 3*w + 7. Let i = -13 + 50. Suppose 0*v - 4*u - i = -5*v, 5*u + 15 = 0. Determine t(v).
-3
Let j = 9 + -13. Let s(r) = r - 1. Let i(d) = 5*d - 4. Let u = 2 - 1. Let c(m) = u*i(m) - 4*s(m). What is c(j)?
-4
Let n(j) = 4*j**2 - 2 - 9*j - 13*j + 23*j + 2*j. Calculate n(1).
5
Suppose 5*y - 2 = y + 3*r, -5*r = -y + 9. Let n(j) = 8 - 8 + 7*j**2. Give n(y).
7
Let p = -4 - 0. Let c be (-84)/(-60) - p/(-10). Let l(n) = -n - 1. What is l(c)?
-2
Suppose c = 5*x + 31, 0 = 4*c + 4*x - 1 - 3. Suppose -3*r - c = -0. Let h(i) = -2*i**2 - i - 1. Determine h(r).
-7
Let c(q) = q**2 + 2*q. Let s(y) = 6*y**2 + 6*y - 1. Let l(b) = 3*c(b) - s(b). Calculate l(1).
-2
Let m(h) = -h**3 + 10*h - 6. Suppose 15*n + 21*n = 108. Calculate m(n).
-3
Let a(v) = 2*v - 34. Let l be a(17). Let u(r) = l*r + r - 2*r - 127 + 115. What is u(-5)?
-7
Let z(g) = -g**3 - 10*g**2 - 18*g - 11. Let j be z(-8). Let n(a) = 2 - 6*a**2 + a**3 - 2 + 6*a + 7. Determine n(j).
12
Let m(r) = -1 + 166*r**3 - 165*r**3 + 5*r + r**2 + 7*r**2 + 2*r. Calculate m(-5).
39
Suppose -24 + 9 = -5*f. Let q(s) = s**f + 8 + 5*s - 6 - 8*s**2 + 1 + 7. Let g(z) = z**2 + 3*z - 3. Let c be g(-5). Give q(c).
-4
Let u(f) = -9*f**2 + 12*f + 39. Let q(y) = 23*y**2 - 21*y - 78. Let j(v) = 2*q(v) + 5*u(v). What is j(-16)?
7
Let f = -1716 + 1712. Let y(k) = -2*k**2 - 10*k - 6. Determine y(f).
2
Let g(x) be the first derivative of -2*x - 1/2*x**4 + 7 + 0*x**2 - 1/3*x**3. What is g(-2)?
10
Let j = 8 - 13. Let b(h) = -3*h - 20. Let p(r) = r + 7. Let d(m) = -6*b(m) - 17*p(m). Give d(j).
-4
Let o(t) = -t**3 - 11*t**2 + 10*t - 21. Let g be o(-12). Let i(k) be the second derivative of 2*k**2 + 1/12*k**4 + 0*k**g + 0 + 4*k. What is i(-3)?
13
Let x(d) be the first derivative of 1/2*d**2 - 6 + 2/3*d**3 - 1/4*d**4 - d. Give x(2).
1
Let c(p) be the first derivative of -p**3/3 - p**2 - 3*p + 549. What is c(-5)?
-18
Let j(u) = u**3 + u**2 - u - 2. Let n(s) = s**3 + 18*s**2 + 18*s + 19. Let t be (-24)/(-8) + 2 + 0 + -22. Let y be n(t). Calculate j(y).
8
Let k(z) = -22*z - 4. Let m be k(-1). Let t(r) = -r + m - 10 - 5 - r**2. Calculate t(-4).
-9
Suppose 7*k - 3*k - 60 = 0. Suppose 45 - k = -5*w. Let u(j) = -2*j - 3*j + 6*j + 6. Calculate u(w).
0
Let i(p) = -p**2 - 45*p - 399. Let c be i(-13). Let o(k) = k - 11. Calculate o(c).
6
Let n(j) = -j**2 - 1. Let a(o) = -4*o**2 - 7*o + 1. Suppose 3*v - 16 = t, -5*v + 13 = -12. Let y(q) = t*a(q) + 3*n(q). Calculate y(-8).
4
Suppose 0 = 5*q - 1 - 9. Let h be (-6)/4*(-6)/3. Let s(x) = 4 - 6 - 8*x**q + h. What is s(-1)?
-7
Let w(l) be the third derivative of 0*l + 0 - 1/120*l**6 + 1/24*l**4 + 11*l**2 + 7/6*l**3 - 1/12*l**5. Determine w(-5).
2
Let w(q) = -q**3 + 13*q**2 - 15*q + 39. Let b be w(12). Let x(n) = n**2 - 6*n - 2. What is x(b)?
-11
Suppose -4*u = -0*q - q + 21, 3*u = -5*q - 33. Let a(d) be the third derivative of d**4/8 + d**3/2 + 5*d**2 + 1. Determine a(u).
-15
Let l(d) = -2*d - 2 - 2*d**2 + 3*d**2 - 3*d. Suppose 3*u + 2*h = 6*u, -u = 2*h. Suppose 4*w - 24 = -u*w. What is l(w)?
4
Let n(h) = -2*h + 16. Let f(l) = 3*l - 25. Let v(o) = -5*f(o) - 8*n(o). Suppose 5*j - 15 = 2*j. Give v(j).
2
Let r(o) = -3*o**2 + 2*o - 1. Suppose 11 = -2*u + u. Let a = 14 + u. Suppose -a*m = 2*m - 5. Give r(m).
-2
Let a(h) = -10*h + h**2 - 5 - 1 + 5 + 6 - 2*h**2. Determine a(-11).
-6
Suppose 13*x + 0*x - 91 = 0. Suppose -x*l + 4*l = -2*h + 